1
Suppose 7976 = 12*a + 1952. Let p = a - 180. List the prime factors of p.
2, 7, 23
Let z(o) = -o**3 - 13*o**2 + 36*o + 27. Let k be z(-12). What are the prime factors of -2*(k - (4 - 4)) + -1?
1097
Let a = 41 + -42. Let c be (-2)/a + 9/((-54)/300). List the prime factors of ((-12)/(-3) + 1)/((-2)/c).
2, 3, 5
Let q = 49119 + -31231. List the prime factors of q.
2, 13, 43
Let b(q) = 2*q**3 + 10*q**2 - 185*q + 40. What are the prime factors of b(15)?
5, 7, 179
Suppose -14*h - 5*q + 78268 + 22910 = 0, 4*h + 4*q - 28908 = 0. What are the prime factors of h?
3, 11, 73
Suppose -165*z = -160*z - 25. Suppose 0 = p + 1, 5*p + 41 = z*t - 1909. List the prime factors of t.
389
Let m(w) = 20*w**2 + 32*w + 7. Let c(s) = 11*s + 1 + 69*s**2 - 62*s**2 + 1. Let n(j) = -17*c(j) + 6*m(j). What are the prime factors of n(-7)?
2, 11
Suppose -140*z + 143*z = 30. Suppose -z*x - 1024 = -26*x. What are the prime factors of x?
2
Suppose -4*j - 2*s - 288 = 0, 4*s - 8*s + 144 = -2*j. What are the prime factors of (-79576)/j + (-14)/63?
5, 13, 17
Let g = -78 - -56. Let w(z) = z**3 + 22*z**2 - 7*z + 1. Let u be w(g). Suppose 6*r = u + 1141. List the prime factors of r.
2, 3
Let n(o) = 8*o**2 - 48*o + 3. Let v be n(6). Suppose 4*q - 42 = -2*g + 5*g, -6 = 3*g. Suppose i - q = 4*y + 10, -4*y + 9 = v*i. What are the prime factors of i?
7
Let q = 13896 + -7391. List the prime factors of q.
5, 1301
Suppose u - 22 = -31. Let c be (-6)/(5/(480/u)). List the prime factors of c + (1 - 4 - -2).
3, 7
Let g(l) = -9*l**2 - 504*l + 48. List the prime factors of g(-27).
3, 5, 11, 43
Let i(k) = -12*k + 22. Let p(h) = -25*h + 45. Let m(t) = 9*i(t) - 4*p(t). Suppose 6*w + 37 + 5 = 0. List the prime factors of m(w).
2, 37
List the prime factors of 17969 - (3 + 0/(4/(-12)*6)).
2, 13, 691
Suppose 5*u - 16 = 5*d + 459, u = -2*d - 184. Suppose -2*b + 145 + 167 = 0. Let v = b + d. List the prime factors of v.
3, 7
Let f(v) = -100*v - 103. Let s be f(-26). Suppose -590 - s = -9*c. List the prime factors of c.
7
Suppose j - 35299 = -2*y, 2*y - 35305 = 43*j - 46*j. What are the prime factors of y?
2, 1103
Let a = 13596 + -5033. What are the prime factors of a?
8563
Suppose -282 - 294 = -9*h. What are the prime factors of ((-44)/(-16))/(1/h + 0)?
2, 11
Let y(x) = -8*x - 74. Let c be y(-39). Let a = 735 - c. List the prime factors of a.
7, 71
Let g(y) = 50*y**2 - 76*y - 421. What are the prime factors of g(-13)?
71, 127
Suppose 65*l + 15 = 68*l. Suppose 3*f - 286 - 2128 = -m, -l = 5*m. Suppose a - 6*a = -f. List the prime factors of a.
7, 23
Suppose -26 = -5*b - 376. Suppose -62*z = -54*z - 1280. Let l = z + b. List the prime factors of l.
2, 3, 5
Suppose 0 = -42*s + 1849 - 5293. Suppose 0 = 6*p - p - l + 28, 2*p + 18 = -3*l. List the prime factors of (-4)/6*(p + 4 + s).
2, 7
Let u = 1038 + -549. Suppose -9*f = -2634 - u. List the prime factors of f.
347
List the prime factors of (36/14)/(((-9)/3465)/((-232)/60)).
2, 3, 11, 29
Suppose -4*r - 262 = 2*n, -5*n - 191 = 4*r + 86. Let f be ((-5)/4)/(r/(-60) + -1). Let w = 91 - f. List the prime factors of w.
2, 29
Let l be 97*(-25 + -2)/(-9). Suppose 4*n = -2*p + 252, 5*p + 2*n = 379 + l. List the prime factors of p.
2, 17
Let f = 592 + -582. Suppose -f*w + 9789 = 3*w. List the prime factors of w.
3, 251
Let f(q) = -q**3 + 9*q**2 - 150*q - 112. What are the prime factors of f(-35)?
2, 7, 4217
Let d = -412 + 412. Suppose d = -0*z - 14*z + 14658. List the prime factors of z.
3, 349
List the prime factors of 108073/3*(-3699)/(-2877).
3, 15439
Let r = -1082 - -1812. Suppose -3*p + r = 2*p. Let y = p + -56. What are the prime factors of y?
2, 3, 5
What are the prime factors of (4/(-9) + (-2737)/(-2898))*70116?
2, 3, 5843
Let l = 48843 + -34759. What are the prime factors of l?
2, 7, 503
Suppose -3*q = 6*x - 207882, -37*q = -32*q + 40. List the prime factors of x.
34651
Suppose -232*s + 233*s - 23628 = -q, -3*q + 70902 = -3*s. What are the prime factors of q?
3, 7877
Suppose -b = -2*b + 3*k + 7676, 3*k - 23016 = -3*b. List the prime factors of b.
7673
Let r be 77/28 + (-3 + 7)/16. Suppose 0 = -w - 5*j + 1049, w = r*j + 89 + 928. List the prime factors of w.
3, 7
Suppose 3*c = 3*x - 91990 + 22615, 3*c - 69417 = -3*x. List the prime factors of x.
2, 5783
Let y be (1 - 0)*-46*-1. Let b be (-156)/15 - 4/(-10). Let s = y + b. List the prime factors of s.
2, 3
What are the prime factors of (-8)/(-20) - (6 + (-115224)/40)?
5, 23
Let y be -2*5*((-21)/14)/3. Suppose -5*i + y*w = -3705, -3*w = 18*i - 17*i - 757. What are the prime factors of i?
5, 149
Let j(i) = 7*i**3 + 7*i**2 + 16*i - 136. List the prime factors of j(7).
2, 5, 17
Let r = 86 - 98. Let t be (r/(-2))/(9/(-42)). Let w = t - -116. List the prime factors of w.
2, 11
Let i(z) = z**2 + 7*z. Let y be i(-5). Let w be y*(1 - -5)*(-6)/(-8). Let c = 2 - w. List the prime factors of c.
47
Suppose -14095 = -206*t + 54843 + 73202. What are the prime factors of t?
2, 3, 5, 23
Let b(i) = 40*i**2 - 271*i + 162. What are the prime factors of b(14)?
2, 263
Let m(n) = 1436*n**2 - 51*n + 24. What are the prime factors of m(4)?
2, 41, 139
Suppose 8*i + 5074 + 510 = 0. Let o = -676 - i. What are the prime factors of o?
2, 11
Let n be (90/4)/((-66)/(-176)). Let p(y) = -30*y + 2. Let j be p(2). Let a = n + j. List the prime factors of a.
2
List the prime factors of (-2)/(-12) - ((-11627523)/162 - -11).
2, 7, 11, 233
Suppose -19 = 5*f - 104. Suppose -3*k = f - 62. What are the prime factors of k?
3, 5
Let n be 1/(-1)*(4 + -13). Suppose 783 = -n*m + 12*m. List the prime factors of m.
3, 29
Let c = -122 + 322. Suppose 3*z = -z - c. What are the prime factors of (z/15)/(10/(-525))?
5, 7
Let w(a) = -a**3 + 8*a**2 + 16*a + 7. Suppose -b - 4*t = -2*b + 16, -3*t - 6 = 0. What are the prime factors of w(b)?
3, 5
Let y = 66474 - 40131. What are the prime factors of y?
3, 2927
Suppose 2*x - 372 = 236. Suppose 5*w = -3*w + x. What are the prime factors of (-3 + 2 - -3)*w?
2, 19
Suppose 3*v = -3*n - v + 19639, -6563 = -n + 2*v. What are the prime factors of n?
6553
Let n(y) = -y**2 - y. Let x(r) = -29*r**2 - 5*r - 8. Let f(t) = 6*n(t) - x(t). List the prime factors of f(4).
2, 3, 31
Suppose 3*a + 40865 = 6*c - 8815, 5*c + 3*a - 41422 = 0. What are the prime factors of c?
2, 41, 101
Let q = -26 - -664. Suppose -2*k = 2*g - q, -299 = -g - 0*g - 5*k. Suppose -g = 9*i - 12*i. What are the prime factors of i?
2, 3
List the prime factors of (((-2)/8)/(57/13281))/((-1)/244).
61, 233
Suppose -8*g + 4129 = -6*g + 3*w, 8278 = 4*g + 2*w. List the prime factors of g.
2, 7, 37
Let j be 1167 + ((-25)/10 - 2/(-4)). Suppose 3490 = 5*y + j. What are the prime factors of y?
3, 5, 31
Suppose 4*f = 3*q - 6, -5*q - 3 + 13 = 0. Suppose 4*j + 8*s - 3*s - 1367 = f, -5*j + 1720 = 4*s. What are the prime factors of j?
2, 3, 29
Let n = -478 - -1105. Suppose 6*c = 435 + n. List the prime factors of c.
3, 59
Suppose 1125633 = 6*o + 15*o + 404556. What are the prime factors of o?
34337
Let a(m) = -m**3 + 17*m**2 - 35*m - 114. List the prime factors of a(-12).
2, 3, 83
Let t = 5692 - 2020. What are the prime factors of t?
2, 3, 17
Suppose 166769 - 492760 = -41*i. List the prime factors of i.
7951
Let y(f) = f**2 - 4*f + 253. Let z = 5 + -5. What are the prime factors of y(z)?
11, 23
Suppose -2*c + 14630 = 3*c - 2*b, 2*b + 2918 = c. Suppose -c = 32*d - 36*d. Suppose -2*l = 4*l - d. List the prime factors of l.
2, 61
Let u(z) be the second derivative of z**5/20 + 4*z**4/3 - 2*z**3/3 + 5*z**2 - 118*z. List the prime factors of u(-12).
2, 317
What are the prime factors of -3*(2/8)/(((-540)/(-2159184))/(-15))?
44983
Let q be (-17)/((-153)/6) + 5936/6. Suppose -4*l + t = -2685, -2*l - 4*t + 330 + q = 0. List the prime factors of l.
2, 5, 67
Let x(d) = d**2 + 3*d + 6. Let i be x(-4). Suppose u + 9 = -4*l - 5, 3*u - l - 10 = 0. Suppose -i = -u*j - 0*j. List the prime factors of j.
5
Suppose -18*x - 3798 = -19*x - 0*x. What are the prime factors of x?
2, 3, 211
Suppose 24 = 5*m + 9. Suppose -m*c + 310 = -2*n - 184, 4 = 2*n. Let b = -103 + c. List the prime factors of b.
3, 7
Suppose -2*m + 6*m = -8, -4*q + 2*m = -24. Suppose s = -q*t + 463, 8*s - 6 = 11*s. List the prime factors of t.
3, 31
Let q be (-3)/2*(2 - 20/(-6)). What are the prime factors of (-5)/20 - 1*3130/q?
17, 23
